{"id":109,"date":"2019-07-17T10:38:58","date_gmt":"2019-07-17T08:38:58","guid":{"rendered":"http:\/\/www.toucheb.com\/?page_id=109"},"modified":"2026-03-09T16:44:11","modified_gmt":"2026-03-09T15:44:11","slug":"ameliorer-lefficience-au-travail-tout-en-prenant-soin-de-ses-equipes","status":"publish","type":"page","link":"https:\/\/www.toucheb.com\/index.php\/ameliorer-lefficience-au-travail-tout-en-prenant-soin-de-ses-equipes\/","title":{"rendered":"Formations"},"content":{"rendered":"\n<p class=\"has-luminous-vivid-orange-color has-text-color\" style=\"font-size:30px\"><strong>LA QUALIT\u00c9 DE NOS FORMATIONS REPOSE SUR :<\/strong><\/p>\n\n\n\n<p class=\"has-black-color has-text-color\" style=\"font-size:20px\"><strong>20 ann\u00e9es <\/strong>d\u2019exp\u00e9rience en animation de formations. <\/p>\n\n\n\n<p class=\"has-black-color has-text-color\" style=\"font-size:20px\"><strong>Une analyse de vos besoins<\/strong> en comp\u00e9tences.<\/p>\n\n\n\n<p class=\"has-black-color has-text-color\" style=\"font-size:20px\">Une <strong>expertise  fine des sujets trait\u00e9s.<\/strong><\/p>\n\n\n\n<p class=\"has-black-color has-text-color\" style=\"font-size:20px\">+ <strong>Un cadre confortable pour les apprenant\u00b7es,<\/strong> des <strong>p\u00e9dagogies actives et innovantes favorisant l&rsquo;\u00e9coute, les \u00e9changes et l&rsquo;acquisition de nouvelles comp\u00e9tences.<\/strong><\/p>\n\n\n\n<p><\/p>\n\n\n\n<p><\/p>\n\n\n\n<p class=\"has-luminous-vivid-orange-color has-text-color\" style=\"font-size:38px\"><strong>Le catalogue des formations :<\/strong><\/p>\n\n\n\n<p><\/p>\n\n\n\n<p class=\"has-black-color has-luminous-vivid-amber-background-color has-text-color has-background has-link-color wp-elements-c9675784c2d93ae122d2c077ef3af86a\" style=\"font-size:24px\"><strong>D\u00e9couvrir et s\u2019initier aux pratiques d\u2019Intelligence Collective<\/strong> \/ 2 jours <\/p>\n\n\n\n<p class=\"has-black-color has-text-color has-link-color wp-elements-8e74a390024dbade1293ad16b0e729c0\"><strong>Objectifs p\u00e9dagogiques <\/strong>: D\u00e9couvrir et exp\u00e9rimenter des outils et m\u00e9thodes de l\u2019intelligence collective. Identifier les conditions de mobilisation et d\u2019expression de l\u2019intelligence collective. Favoriser l\u2019\u00e9mergence de l\u2019intelligence collective au sein de votre organisation (outils de facilitation).<\/p>\n\n\n\n<p class=\"has-black-color has-text-color has-link-color wp-elements-320aea30a273e47f7bdb4b8f2d1b59f7\"><strong>Contenus : <\/strong>D\u00e9finir l\u2019intelligence collective, ses fondements et ses potentiels. Comprendre ce qui motive un individu \u00e0 travailler dans un collectif. D\u00e9velopper sa posture de facilitation d&rsquo;un collectif. Exp\u00e9rimenter des outils et m\u00e9thodes d&rsquo;Intelligence Collective pour faciliter les groupes et les projets.<\/p>\n\n\n\n<p><\/p>\n\n\n\n<p><\/p>\n\n\n\n<p><\/p>\n\n\n\n<p class=\"has-black-color has-luminous-vivid-amber-background-color has-text-color has-background has-link-color wp-elements-cade87e93a17176c0a27b56813762b0b\" style=\"font-size:24px\"><strong>Gouvernance en Commun <\/strong>\/ 2 jours  \/\/ en co animation avec Les Maisons de l&rsquo;Intelligence Collective<\/p>\n\n\n\n<p class=\"has-black-color has-text-color has-link-color wp-elements-7557dc1502ecc178bbecf0d96d0b6f61\"><strong>Objectifs p\u00e9dagogiques <\/strong>: D\u00e9coder la gouvernance d\u2019une organisation, avec l\u2019appui d\u2019autres cas r\u00e9f\u00e9rents concrets, de grilles de lecture et d\u2019outils sp\u00e9cifiques. Mod\u00e9liser une gouvernance sur un cas concret. Exp\u00e9rimenter des m\u00e9thodes et outils pour favoriser le dialogue, la concertation, les prises de d\u00e9cision collective.<\/p>\n\n\n\n<p class=\"has-black-color has-text-color has-link-color wp-elements-e5f77959fc673b580b65dfc3e1fe0014\"><strong>Contenus <\/strong>:  Le mod\u00e8le des Communs d&rsquo;Elinor Ostrom prix Nobel d&rsquo;\u00e9conomie. Explorer des Gouvernances &nbsp;: Identit\u00e9, communication, r\u00e9ciprocit\u00e9, pilotage et suivi des actions, acc\u00e8s \u00e0 l&rsquo;information, r\u00e9gulation des tensions, fonctionnement &#8211; r\u00e8gles, d\u00e9cisions et votes. Exp\u00e9rimenter des m\u00e9thodes et outils pour favoriser<br>le dialogue, la concertation, les prises de d\u00e9cision collective, un processus d\u2019\u00e9lection sans candidat, la r\u00e9gulation des tensions, la co-construction de r\u00e8gles collectives et les cons\u00e9quences de leur non-respect. Mod\u00e9liser et identifier des leviers d&rsquo;actions pour am\u00e9liorer votre gouvernance.<\/p>\n\n\n\n<p class=\"has-black-color has-text-color has-link-color wp-elements-9ac00cf961d1ea846fe5a532228b76c6\"><\/p>\n\n\n\n<p><\/p>\n\n\n\n<p><\/p>\n\n\n\n<p class=\"has-black-color has-luminous-vivid-amber-background-color has-text-color has-background\" style=\"font-size:23px\"><strong>Le Co d\u00e9veloppement; S\u2019entraider entre pair.es<\/strong> \/ 2 jours <\/p>\n\n\n\n<p class=\"has-black-color has-text-color has-link-color wp-elements-d811ae87ab4d136419eb8eed03cb22ff\"><strong>Objectifs p\u00e9dagogiques <\/strong>: Favoriser la co-construction, la coop\u00e9ration et la cr\u00e9ativit\u00e9 entre pair.es. Faciliter des s\u00e9ances de co d\u00e9veloppement.<\/p>\n\n\n\n<p class=\"has-black-color has-text-color has-link-color wp-elements-6f8a3e1474a9d54ef44bc50969e6f928\"><strong>Contenus : <\/strong>Comprendre la philosophie et les diff\u00e9rents formats du co d\u00e9veloppement.<br>Poser le cadre de confort et de s\u00e9curit\u00e9 . Comprendre ce qu\u2019est un sujet de co d\u00e9veloppement.<br>Exp\u00e9rimenter des cercles de co d\u00e9veloppement. Faciliter un co d\u00e9veloppement. Renforcer sa posture d\u2019animateur.ice- facilitateur.ice.<\/p>\n\n\n\n<p><\/p>\n\n\n\n<p><\/p>\n\n\n\n<p><\/p>\n\n\n\n<p class=\"has-black-color has-luminous-vivid-amber-background-color has-text-color has-background\" style=\"font-size:23px\"><strong>Formation de formateur.ice<\/strong> \/ 3 jours <\/p>\n\n\n\n<p class=\"has-black-color has-text-color has-link-color wp-elements-ba9ba08abc9bb66f62e3034c4df8996b\"><strong>Objectifs p\u00e9dagogiques <\/strong>: Analyser une demande de formation. Concevoir un programme de formation. R\u00e9diger son d\u00e9roul\u00e9 p\u00e9dagogique.  Animer ses formations avec des p\u00e9dagogies actives. Connaitre les obligations qualit\u00e9 et le r\u00e9f\u00e9rentiel Qualiopi.<\/p>\n\n\n\n<p class=\"has-black-color has-text-color has-link-color wp-elements-0b547e6a429fd222028b37c50e22d05c\"><strong>Contenus <\/strong>: Les bases de l\u2019ing\u00e9nierie de formation. Les bases de l\u2019apprentissage chez l\u2019adulte. Le mod\u00e8le de la personne apprenante. Analyser une demande de formation et construire sa proposition. Concevoir son d\u00e9roul\u00e9 p\u00e9dagogique&nbsp;: objectifs p\u00e9dagogiques, les contenus et les modalit\u00e9s p\u00e9dagogiques. Choisir les principales modalit\u00e9s et ressources. Choisir et pr\u00e9parer ses outils et m\u00e9thodes d\u2019animation. Focus sur les p\u00e9dagogies actives. Int\u00e9grer le processus qualit\u00e9 et les obligations du r\u00e9f\u00e9rentiel Qualiopi. D\u00e9velopper sa posture de formateur.trice.<\/p>\n\n\n\n<p><\/p>\n\n\n\n<p><\/p>\n\n\n\n<p><\/p>\n\n\n\n<p class=\"has-very-dark-gray-color has-luminous-vivid-amber-background-color has-text-color has-background\" style=\"font-size:23px\"><strong>Piloter, animer et faciliter un projet<\/strong> \/ 3 jours <\/p>\n\n\n\n<p class=\"has-black-color has-text-color has-link-color wp-elements-9300bfae4a12f8b06bd81dddcbaf3f62\"><strong>Objectifs p\u00e9dagogiques<\/strong> :  Identifier les \u00e9tapes et les outils et m\u00e9thodes de la gestion, animation d\u2019un projet. Dynamiser et Faciliter le groupe projet avec des outils et m\u00e9thodes de l\u2019intelligence collective.<\/p>\n\n\n\n<p class=\"has-black-color has-text-color has-link-color wp-elements-e66a48c5a05eb5073da8b871fed9ac0b\"><strong>Contenus<\/strong> : Les bases de la gestion d\u2019un projet. Clarifier les intentions du commanditaire et le pourquoi du projet&nbsp;? Le diamant de la participation&nbsp;: un mod\u00e8le de processus participatif . Le co design et l\u2019agilit\u00e9 en gestion de projet. zoom sur le Design Thinking. Formaliser, organiser et suivre les actions. Animer le projet&nbsp;: Choisir des techniques d\u2019animation qui favorisent la participation et la co construction. Insuffler une dynamique de coop\u00e9ration et d\u2019entraide.<\/p>\n\n\n\n<figure class=\"wp-block-image size-large is-style-default wp-duotone-unset-1\"><img loading=\"lazy\" decoding=\"async\" width=\"1080\" height=\"612\" src=\"https:\/\/www.toucheb.com\/wp-content\/uploads\/2021\/01\/cropped-cropped-photo-participation-3370833-2-2.jpg\" alt=\"\" class=\"wp-image-1559\"\/><\/figure>\n\n\n\n<p class=\"has-black-color has-cyan-bluish-gray-background-color has-text-color has-background has-link-color wp-elements-e79e9cec4f4862f84d315a567c8eab1f\" style=\"font-size:20px\"><strong>plus d&rsquo;infos   : contact@toucheb.com ou par t\u00e9l\u00e9phone au 06 08 24 48 86<\/strong><\/p>\n\n\n\n<p class=\"has-black-color has-text-color has-medium-font-size\"><\/p>\n\n\n\n<p class=\"has-black-color has-text-color has-medium-font-size\"><\/p>\n\n\n\n<p><\/p>\n\n\n\n<p class=\"has-medium-font-size\"><\/p>\n","protected":false},"excerpt":{"rendered":"<p>LA QUALIT\u00c9 DE NOS FORMATIONS REPOSE SUR : 20 ann\u00e9es d\u2019exp\u00e9rience en animation de formations. Une analyse de vos besoins en comp\u00e9tences. Une expertise fine des sujets trait\u00e9s. + Un cadre confortable pour les apprenant\u00b7es, des p\u00e9dagogies actives et innovantes favorisant l&rsquo;\u00e9coute, les \u00e9changes et l&rsquo;acquisition de nouvelles comp\u00e9tences. Le catalogue des formations : D\u00e9couvrir&hellip; <br \/> <a class=\"read-more\" href=\"https:\/\/www.toucheb.com\/index.php\/ameliorer-lefficience-au-travail-tout-en-prenant-soin-de-ses-equipes\/\">Lire la suite<\/a><\/p>\n","protected":false},"author":1,"featured_media":696,"parent":0,"menu_order":0,"comment_status":"closed","ping_status":"closed","template":"","meta":{"footnotes":""},"class_list":["post-109","page","type-page","status-publish","has-post-thumbnail","hentry"],"yoast_head":"<!-- This site is optimized with the Yoast SEO plugin v27.5 - https:\/\/yoast.com\/product\/yoast-seo-wordpress\/ -->\n<title>Formations - Conseil; Facilitation et Formation<\/title>\n<meta name=\"robots\" content=\"index, follow, max-snippet:-1, max-image-preview:large, max-video-preview:-1\" \/>\n<link rel=\"canonical\" href=\"https:\/\/www.toucheb.com\/index.php\/ameliorer-lefficience-au-travail-tout-en-prenant-soin-de-ses-equipes\/\" \/>\n<meta property=\"og:locale\" content=\"fr_FR\" \/>\n<meta property=\"og:type\" content=\"article\" \/>\n<meta property=\"og:title\" content=\"Formations - Conseil; Facilitation et Formation\" \/>\n<meta property=\"og:description\" content=\"LA QUALIT\u00c9 DE NOS FORMATIONS REPOSE SUR : 20 ann\u00e9es d\u2019exp\u00e9rience en animation de formations. Une analyse de vos besoins en comp\u00e9tences. Une expertise fine des sujets trait\u00e9s. + Un cadre confortable pour les apprenant\u00b7es, des p\u00e9dagogies actives et innovantes favorisant l&rsquo;\u00e9coute, les \u00e9changes et l&rsquo;acquisition de nouvelles comp\u00e9tences. Le catalogue des formations : D\u00e9couvrir&hellip; Lire la suite\" \/>\n<meta property=\"og:url\" content=\"https:\/\/www.toucheb.com\/index.php\/ameliorer-lefficience-au-travail-tout-en-prenant-soin-de-ses-equipes\/\" \/>\n<meta property=\"og:site_name\" content=\"Conseil; Facilitation et Formation\" \/>\n<meta property=\"article:publisher\" content=\"https:\/\/www.facebook.com\/ToucheB.MarinaBouchet\/\" \/>\n<meta property=\"article:modified_time\" content=\"2026-03-09T15:44:11+00:00\" \/>\n<meta property=\"og:image\" content=\"https:\/\/www.toucheb.com\/wp-content\/uploads\/2021\/01\/photo-participation-3370833-2.jpg\" \/>\n\t<meta property=\"og:image:width\" content=\"1080\" \/>\n\t<meta property=\"og:image:height\" content=\"676\" \/>\n\t<meta property=\"og:image:type\" content=\"image\/jpeg\" \/>\n<meta name=\"twitter:card\" content=\"summary_large_image\" \/>\n<meta name=\"twitter:label1\" content=\"Dur\u00e9e de lecture estim\u00e9e\" \/>\n\t<meta name=\"twitter:data1\" content=\"4 minutes\" \/>\n<script type=\"application\/ld+json\" class=\"yoast-schema-graph\">{\"@context\":\"https:\\\/\\\/schema.org\",\"@graph\":[{\"@type\":\"WebPage\",\"@id\":\"https:\\\/\\\/www.toucheb.com\\\/index.php\\\/ameliorer-lefficience-au-travail-tout-en-prenant-soin-de-ses-equipes\\\/\",\"url\":\"https:\\\/\\\/www.toucheb.com\\\/index.php\\\/ameliorer-lefficience-au-travail-tout-en-prenant-soin-de-ses-equipes\\\/\",\"name\":\"Formations - Conseil; Facilitation et Formation\",\"isPartOf\":{\"@id\":\"https:\\\/\\\/www.toucheb.com\\\/#website\"},\"primaryImageOfPage\":{\"@id\":\"https:\\\/\\\/www.toucheb.com\\\/index.php\\\/ameliorer-lefficience-au-travail-tout-en-prenant-soin-de-ses-equipes\\\/#primaryimage\"},\"image\":{\"@id\":\"https:\\\/\\\/www.toucheb.com\\\/index.php\\\/ameliorer-lefficience-au-travail-tout-en-prenant-soin-de-ses-equipes\\\/#primaryimage\"},\"thumbnailUrl\":\"https:\\\/\\\/www.toucheb.com\\\/wp-content\\\/uploads\\\/2021\\\/01\\\/photo-participation-3370833-2.jpg\",\"datePublished\":\"2019-07-17T08:38:58+00:00\",\"dateModified\":\"2026-03-09T15:44:11+00:00\",\"breadcrumb\":{\"@id\":\"https:\\\/\\\/www.toucheb.com\\\/index.php\\\/ameliorer-lefficience-au-travail-tout-en-prenant-soin-de-ses-equipes\\\/#breadcrumb\"},\"inLanguage\":\"fr-FR\",\"potentialAction\":[{\"@type\":\"ReadAction\",\"target\":[\"https:\\\/\\\/www.toucheb.com\\\/index.php\\\/ameliorer-lefficience-au-travail-tout-en-prenant-soin-de-ses-equipes\\\/\"]}]},{\"@type\":\"ImageObject\",\"inLanguage\":\"fr-FR\",\"@id\":\"https:\\\/\\\/www.toucheb.com\\\/index.php\\\/ameliorer-lefficience-au-travail-tout-en-prenant-soin-de-ses-equipes\\\/#primaryimage\",\"url\":\"https:\\\/\\\/www.toucheb.com\\\/wp-content\\\/uploads\\\/2021\\\/01\\\/photo-participation-3370833-2.jpg\",\"contentUrl\":\"https:\\\/\\\/www.toucheb.com\\\/wp-content\\\/uploads\\\/2021\\\/01\\\/photo-participation-3370833-2.jpg\",\"width\":1080,\"height\":676},{\"@type\":\"BreadcrumbList\",\"@id\":\"https:\\\/\\\/www.toucheb.com\\\/index.php\\\/ameliorer-lefficience-au-travail-tout-en-prenant-soin-de-ses-equipes\\\/#breadcrumb\",\"itemListElement\":[{\"@type\":\"ListItem\",\"position\":1,\"name\":\"Accueil\",\"item\":\"https:\\\/\\\/www.toucheb.com\\\/\"},{\"@type\":\"ListItem\",\"position\":2,\"name\":\"Formations\"}]},{\"@type\":\"WebSite\",\"@id\":\"https:\\\/\\\/www.toucheb.com\\\/#website\",\"url\":\"https:\\\/\\\/www.toucheb.com\\\/\",\"name\":\"Organisme de formation et Conseil en Organisation\",\"description\":\"Prenez le temps de d\u00e9velopper vos talents\",\"publisher\":{\"@id\":\"https:\\\/\\\/www.toucheb.com\\\/#organization\"},\"potentialAction\":[{\"@type\":\"SearchAction\",\"target\":{\"@type\":\"EntryPoint\",\"urlTemplate\":\"https:\\\/\\\/www.toucheb.com\\\/?s={search_term_string}\"},\"query-input\":{\"@type\":\"PropertyValueSpecification\",\"valueRequired\":true,\"valueName\":\"search_term_string\"}}],\"inLanguage\":\"fr-FR\"},{\"@type\":\"Organization\",\"@id\":\"https:\\\/\\\/www.toucheb.com\\\/#organization\",\"name\":\"TOUCHE B Consulting\",\"url\":\"https:\\\/\\\/www.toucheb.com\\\/\",\"logo\":{\"@type\":\"ImageObject\",\"inLanguage\":\"fr-FR\",\"@id\":\"https:\\\/\\\/www.toucheb.com\\\/#\\\/schema\\\/logo\\\/image\\\/\",\"url\":\"https:\\\/\\\/www.toucheb.com\\\/wp-content\\\/uploads\\\/2019\\\/07\\\/cropped-Logo_touche-B_RVB-3.jpg\",\"contentUrl\":\"https:\\\/\\\/www.toucheb.com\\\/wp-content\\\/uploads\\\/2019\\\/07\\\/cropped-Logo_touche-B_RVB-3.jpg\",\"width\":604,\"height\":202,\"caption\":\"TOUCHE B Consulting\"},\"image\":{\"@id\":\"https:\\\/\\\/www.toucheb.com\\\/#\\\/schema\\\/logo\\\/image\\\/\"},\"sameAs\":[\"https:\\\/\\\/www.facebook.com\\\/ToucheB.MarinaBouchet\\\/\"]}]}<\/script>\n<!-- \/ Yoast SEO plugin. -->","yoast_head_json":{"title":"Formations - Conseil; Facilitation et Formation","robots":{"index":"index","follow":"follow","max-snippet":"max-snippet:-1","max-image-preview":"max-image-preview:large","max-video-preview":"max-video-preview:-1"},"canonical":"https:\/\/www.toucheb.com\/index.php\/ameliorer-lefficience-au-travail-tout-en-prenant-soin-de-ses-equipes\/","og_locale":"fr_FR","og_type":"article","og_title":"Formations - Conseil; Facilitation et Formation","og_description":"LA QUALIT\u00c9 DE NOS FORMATIONS REPOSE SUR : 20 ann\u00e9es d\u2019exp\u00e9rience en animation de formations. Une analyse de vos besoins en comp\u00e9tences. Une expertise fine des sujets trait\u00e9s. + Un cadre confortable pour les apprenant\u00b7es, des p\u00e9dagogies actives et innovantes favorisant l&rsquo;\u00e9coute, les \u00e9changes et l&rsquo;acquisition de nouvelles comp\u00e9tences. Le catalogue des formations : D\u00e9couvrir&hellip; Lire la suite","og_url":"https:\/\/www.toucheb.com\/index.php\/ameliorer-lefficience-au-travail-tout-en-prenant-soin-de-ses-equipes\/","og_site_name":"Conseil; Facilitation et Formation","article_publisher":"https:\/\/www.facebook.com\/ToucheB.MarinaBouchet\/","article_modified_time":"2026-03-09T15:44:11+00:00","og_image":[{"width":1080,"height":676,"url":"https:\/\/www.toucheb.com\/wp-content\/uploads\/2021\/01\/photo-participation-3370833-2.jpg","type":"image\/jpeg"}],"twitter_card":"summary_large_image","twitter_misc":{"Dur\u00e9e de lecture estim\u00e9e":"4 minutes"},"schema":{"@context":"https:\/\/schema.org","@graph":[{"@type":"WebPage","@id":"https:\/\/www.toucheb.com\/index.php\/ameliorer-lefficience-au-travail-tout-en-prenant-soin-de-ses-equipes\/","url":"https:\/\/www.toucheb.com\/index.php\/ameliorer-lefficience-au-travail-tout-en-prenant-soin-de-ses-equipes\/","name":"Formations - Conseil; Facilitation et Formation","isPartOf":{"@id":"https:\/\/www.toucheb.com\/#website"},"primaryImageOfPage":{"@id":"https:\/\/www.toucheb.com\/index.php\/ameliorer-lefficience-au-travail-tout-en-prenant-soin-de-ses-equipes\/#primaryimage"},"image":{"@id":"https:\/\/www.toucheb.com\/index.php\/ameliorer-lefficience-au-travail-tout-en-prenant-soin-de-ses-equipes\/#primaryimage"},"thumbnailUrl":"https:\/\/www.toucheb.com\/wp-content\/uploads\/2021\/01\/photo-participation-3370833-2.jpg","datePublished":"2019-07-17T08:38:58+00:00","dateModified":"2026-03-09T15:44:11+00:00","breadcrumb":{"@id":"https:\/\/www.toucheb.com\/index.php\/ameliorer-lefficience-au-travail-tout-en-prenant-soin-de-ses-equipes\/#breadcrumb"},"inLanguage":"fr-FR","potentialAction":[{"@type":"ReadAction","target":["https:\/\/www.toucheb.com\/index.php\/ameliorer-lefficience-au-travail-tout-en-prenant-soin-de-ses-equipes\/"]}]},{"@type":"ImageObject","inLanguage":"fr-FR","@id":"https:\/\/www.toucheb.com\/index.php\/ameliorer-lefficience-au-travail-tout-en-prenant-soin-de-ses-equipes\/#primaryimage","url":"https:\/\/www.toucheb.com\/wp-content\/uploads\/2021\/01\/photo-participation-3370833-2.jpg","contentUrl":"https:\/\/www.toucheb.com\/wp-content\/uploads\/2021\/01\/photo-participation-3370833-2.jpg","width":1080,"height":676},{"@type":"BreadcrumbList","@id":"https:\/\/www.toucheb.com\/index.php\/ameliorer-lefficience-au-travail-tout-en-prenant-soin-de-ses-equipes\/#breadcrumb","itemListElement":[{"@type":"ListItem","position":1,"name":"Accueil","item":"https:\/\/www.toucheb.com\/"},{"@type":"ListItem","position":2,"name":"Formations"}]},{"@type":"WebSite","@id":"https:\/\/www.toucheb.com\/#website","url":"https:\/\/www.toucheb.com\/","name":"Organisme de formation et Conseil en Organisation","description":"Prenez le temps de d\u00e9velopper vos talents","publisher":{"@id":"https:\/\/www.toucheb.com\/#organization"},"potentialAction":[{"@type":"SearchAction","target":{"@type":"EntryPoint","urlTemplate":"https:\/\/www.toucheb.com\/?s={search_term_string}"},"query-input":{"@type":"PropertyValueSpecification","valueRequired":true,"valueName":"search_term_string"}}],"inLanguage":"fr-FR"},{"@type":"Organization","@id":"https:\/\/www.toucheb.com\/#organization","name":"TOUCHE B Consulting","url":"https:\/\/www.toucheb.com\/","logo":{"@type":"ImageObject","inLanguage":"fr-FR","@id":"https:\/\/www.toucheb.com\/#\/schema\/logo\/image\/","url":"https:\/\/www.toucheb.com\/wp-content\/uploads\/2019\/07\/cropped-Logo_touche-B_RVB-3.jpg","contentUrl":"https:\/\/www.toucheb.com\/wp-content\/uploads\/2019\/07\/cropped-Logo_touche-B_RVB-3.jpg","width":604,"height":202,"caption":"TOUCHE B Consulting"},"image":{"@id":"https:\/\/www.toucheb.com\/#\/schema\/logo\/image\/"},"sameAs":["https:\/\/www.facebook.com\/ToucheB.MarinaBouchet\/"]}]}},"_links":{"self":[{"href":"https:\/\/www.toucheb.com\/index.php\/wp-json\/wp\/v2\/pages\/109","targetHints":{"allow":["GET"]}}],"collection":[{"href":"https:\/\/www.toucheb.com\/index.php\/wp-json\/wp\/v2\/pages"}],"about":[{"href":"https:\/\/www.toucheb.com\/index.php\/wp-json\/wp\/v2\/types\/page"}],"author":[{"embeddable":true,"href":"https:\/\/www.toucheb.com\/index.php\/wp-json\/wp\/v2\/users\/1"}],"replies":[{"embeddable":true,"href":"https:\/\/www.toucheb.com\/index.php\/wp-json\/wp\/v2\/comments?post=109"}],"version-history":[{"count":111,"href":"https:\/\/www.toucheb.com\/index.php\/wp-json\/wp\/v2\/pages\/109\/revisions"}],"predecessor-version":[{"id":1881,"href":"https:\/\/www.toucheb.com\/index.php\/wp-json\/wp\/v2\/pages\/109\/revisions\/1881"}],"wp:featuredmedia":[{"embeddable":true,"href":"https:\/\/www.toucheb.com\/index.php\/wp-json\/wp\/v2\/media\/696"}],"wp:attachment":[{"href":"https:\/\/www.toucheb.com\/index.php\/wp-json\/wp\/v2\/media?parent=109"}],"curies":[{"name":"wp","href":"https:\/\/api.w.org\/{rel}","templated":true}]}}